
What is -200000102 (base 3) in base 12?
-7725
8701 (base 13) to base 4
10211020
-4aa2 (base 11) to base 3
-100010011
What is 122121 (base 4) in base 10?
1689
What is 11111011001 (base 2) in base 11?
1567
What is 2369 (base 11) in base 3?
11020211
1678d (base 15) to base 14
1c647
-2a14 (base 11) to base 3
-12022222
-1101101010 (base 2) to base 9
-1171
1928 (base 11) to base 10
2450
Convert 3021 (base 5) to base 16.
182
What is -25c7 (base 13) in base 10?
-5402
-433 (base 8) to base 16
-11b
What is -9889 (base 14) in base 15?
-7c40
-16206 (base 7) to base 8
-10723
-1436 (base 11) to base 7
-5256
What is -244504 (base 6) in base 15?
-66c4
-407 (base 14) to base 10
-791
4124 (base 8) to base 12
1298
11da (base 14) to base 13
156c
-223 (base 13) to base 8
-557
1315 (base 8) to base 10
717
What is -1310 (base 8) in base 13?
-42a
Convert -3d8 (base 14) to base 5.
-11103
What is 203451 (base 6) in base 8?
37767
403 (base 14) to base 2
1100010011
92 (base 16) to base 5
1041
Convert 101100001001001 (base 2) to base 6.
252345
What is 4676 (base 9) in base 8?
6617
What is -32154 (base 7) in base 4?
-1330221
Convert 2f09 (base 16) to base 12.
6b75
-54254 (base 6) to base 16
-1d1a
-11504 (base 6) to base 2
-11010100000
Convert 21223 (base 6) to base 11.
21a2
-1111111011110 (base 2) to base 16
-1fde
What is b1a2 (base 13) in base 15?
73b3
-47b (base 13) to base 4
-30022
What is -1111111101 (base 2) in base 9?
-1354
34321 (base 5) to base 14
c7b
26 (base 11) to base 4
130
Convert -6346 (base 9) to base 4.
-1020303
What is -1d0a (base 15) in base 4?
-1202212
What is -abcd (base 14) in base 8?
-72121
What is -1111002101 (base 3) in base 11?
-1aa58
What is -122022 (base 3) in base 8?
-723
What is -2114 (base 7) in base 16?
-2ea
7a7 (base 11) to base 12
684
121f (base 16) to base 8
11037
124412 (base 6) to base 13
5249
Convert 3896 (base 11) to base 15.
177b
What is 629 (base 11) in base 4?
23311
Convert -4a9 (base 13) to base 6.
-3435
What is 12112112 (base 3) in base 2?
111111000101
What is 5273 (base 8) in base 10?
2747
Convert 2309 (base 10) to base 11.
180a
What is 3962 (base 15) in base 11?
921a
What is -2502 (base 9) in base 11?
-1446
What is 63 (base 11) in base 13?
54
Convert 110003 (base 6) to base 2.
10001101110011
1210202222 (base 3) to base 7
205445
What is -40264 (base 7) in base 16?
-2614
What is 569 (base 16) in base 13?
827
61062 (base 7) to base 11
10129
101200101 (base 3) to base 12
460a
Convert 10993 (base 13) to base 15.
8e37
Convert -11011110000101 (base 2) to base 12.
-8285
Convert 23003 (base 4) to base 10.
707
120100 (base 3) to base 16
19e
What is 2dda (base 14) in base 16?
2024
What is -344 (base 10) in base 5?
-2334
-11426 (base 7) to base 8
-5620
What is -2120000 (base 3) in base 11?
-1444
-41455 (base 6) to base 8
-12713
What is 2443 (base 8) in base 6?
10031
Convert -2d24 (base 16) to base 8.
-26444
11100110 (base 2) to base 4
3212
4766 (base 11) to base 14
23bd
-8819 (base 14) to base 5
-1223133
What is 14144 (base 9) in base 16?
257e
What is -1120121 (base 3) in base 12?
-7ba
Convert 1a6b (base 13) to base 6.
30224
What is -33418 (base 9) in base 14?
-8147
Convert -72e (base 15) to base 8.
-3123
What is -529 (base 11) in base 9?
-776
676 (base 8) to base 3
121112
Convert 123440 (base 6) to base 2.
10101110110000
Convert -4404 (base 16) to base 3.
-212212220
445c (base 13) to base 10
9541
221 (base 11) to base 16
109
What is -1625 (base 7) in base 3?
-220022
110110001000110 (base 2) to base 5
1341333
What is 523 (base 6) in base 11?
168
Convert -16a07 (base 11) to base 2.
-101110100100100
Convert -211 (base 11) to base 13.
-167
Convert 122514 (base 6) to base 8.
25356
What is a52 (base 13) in base 9?
2362
Convert -3780 (base 12) to base 7.
-24222
What is 3002323 (base 4) in base 10?
12475
b5bd (base 14) to base 13
11351
-4cc5 (base 14) to base 12
-7991
-4483 (base 12) to base 15
-23ac
What is -23114 (base 5) in base 4?
-121323
Convert -1020 (base 7) to base 5.
-2412
What is 14526 (base 9) in base 6?
113510
Convert -455310 (base 6) to base 5.
-2220103
Convert -2110000 (base 3) to base 7.
-5124
1be (base 15) to base 12
298
22012 (base 4) to base 15
2d1
Convert -1c71 (base 13) to base 6.
-31553
-11591 (base 13) to base 6
-402505
-46320 (base 10) to base 3
-2100112120
Convert 30030 (base 7) to base 16.
1c38
Convert 10110011101000 (base 2) to base 12.
67a0
What is 13536 (base 8) in base 15?
1b8c
-13310 (base 4) to base 15
-235
What is -4843 (base 12) in base 7?
-32442
Convert 123301 (base 4) to base 12.
1041
-13c (base 14) to base 6
-1054
-4f2b (base 16) to base 13
-92c0
What is 555 (base 7) in base 14?
165
What is -1310213 (base 5) in base 15?
-7923
Convert -3302301 (base 4) to base 12.
-8ba9
20132 (base 4) to base 13
329
What is d1d (base 15) in base 2?
101110001001
What is -356b (base 12) in base 5?
-142422
What is -4423 (base 6) in base 11?
-850
Convert -436 (base 13) to base 10.
-721
1000121 (base 3) to base 5
10440
Convert 4435 (base 6) to base 9.
1365
Convert -4966 (base 10) to base 7.
-20323
What is -55110 (base 8) in base 10?
-23112
What is -122000220 (base 3) in base 10?
-12417
3176 (base 10) to base 3
11100122
What is -8922 (base 14) in base 3?
-1012120111
What is 6ae (base 15) in base 12?
a62
What is 10306 (base 7) in base 8?
4772
110 (base 15) to base 6
1040
-100101000 (base 2) to base 5
-2141
What is 4531 (base 7) in base 10?
1639
What is 132431 (base 5) in base 11?
4039
Convert -16dd (base 16) to base 6.
-43033
What is -1000001110000111 (base 2) in base 16?
-8387
What is 1aa (base 12) in base 4?
10102
What is -15340 (base 6) in base 7?
-10212
Convert 3123 (base 4) to base 15.
e9
Convert -2862 (base 9) to base 6.
-14002
-45051 (base 7) to base 16
-2c5b
-49 (base 11) to base 13
-41
Convert 101011101111 (base 2) to base 9.
3750
Convert 21311121 (base 4) to base 12.
1b389
Convert 1208 (base 10) to base 2.
10010111000
1293 (base 10) to base 2
10100001101
Convert -142a (base 14) to base 4.
-313232
-a55 (base 11) to base 6
-5514
cac (base 15) to base 11
2172
-4a27 (base 11) to base 3
-100000002
Convert -10243 (base 5) to base 10.
-698
What is 1000001110000 (base 2) in base 11?
3186
Convert 43245 (base 6) to base 13.
2915
-244 (base 15) to base 12
-36a
What is 202002120 (base 3) in base 7?
60465
1010101101011011 (base 2) to base 3
2020011201
-445b (base 14) to base 9
-17216
Convert 303 (base 8) to base 6.
523
What is 1023102 (base 4) in base 9?
6543
What is 50613 (base 7) in base 3?
121212220
What is -219 (base 15) in base 16?
-1da
Convert 7910 (base 10) to base 7.
32030
What is 4a9 (base 12) in base 16?
2c1
Convert 307 (base 13) to base 5.
4024
Convert 32 (base 6) to base 14.
16
Convert 2004313 (base 5) to base 7.
161544
-3521 (base 6) to base 10
-841
What is -731 (base 16) in base 9?
-2465
What is -b3a (base 13) in base 14?
-9a4
Convert -7e3e (base 16) to base 14.
-bac6
What is 1122021 (base 3) in base 14?
615
20340 (base 13) to base 9
87110
What is 456 (base 7) in base 9?
283
Convert 1111111010001 (base 2) to base 13.
3927
Convert -20220 (base 4) to base 15.
-26c
-4432 (base 5) to base 4
-21221
14770 (base 11) to base 3
1001122200
Convert -3645 (base 9) to base 12.
-16a2
-1eb (base 15) to base 8
-676
Convert 18934 (base 10) to base 2.
100100111110110
Convert -2a5 (base 11) to base 14.
-1b7
Convert -20456 (base 10) to base 9.
-31048
Convert 2aba8 (base 12) to base 7.
341165
What is -310 (base 4) in base 3?
-1221
-275 (base 15) to base 10
-560
Convert -110523 (base 8) to base 14.
-d7b5
Convert 2206 (base 7) to base 2.
1100010110
Convert -366e (base 15) to base 12.
-684b
What is 708a (base 11) in base 5?
300130
-4243211 (base 5) to base 3
-10122022212
Convert -1010010010101 (base 2) to base 14.
-1cc5
What is -549 (base 15) in base 13?
-70b
What is 6306 (base 12) in base 2?
10101000110110
What is -4a4 (base 12) in base 5?
-10300
What is -25222 (base 6) in base 10?
-3758
11a (base 11) to base 14
a2
Convert 16065 (base 8) to base 9.
10813
Convert -110111100 (base 2) to base 11.
-374
162207 (base 8) to base 11
3aa55
Convert 233242 (base 5) to base 2.
10000101111100
What is 1a42 (base 12) in base 10?
3218
-c27 (base 14) to base 8
-4523
What is 10113010 (base 4) in base 15?
545a
What is 76565 (base 8) in base 7?
162431
-111101100